((-3)/(-2)) - 1. What is the greatest common factor of o and p?
9
Let s(j) = 3*j + 87. Let n be s(-18). Let q = 265 - 34. What is the greatest common factor of n and q?
33
Suppose 3*s - s - 6 = 0. Let p = -1 + 0. Let l be (p/(-1))/((-3)/(-27)). What is the greatest common factor of s and l?
3
Suppose -3*u + 0*h + 91 = 4*h, 5*u - 175 = 5*h. What is the highest common divisor of 22 and u?
11
Let x be 9*(0 - 7/(-3)). Let q be -3 - -109 - (0 - 1)/(-1). What is the greatest common divisor of x and q?
21
Suppose 4*w = -0*w + 5*p + 25, -1 = p. Suppose w*v - 586 = -3*i, -i = -5*v - 47 - 115. Suppose 5*c - 50 = 35. What is the highest common factor of i and c?
17
Let a be (0 + 1)/(6/18). Suppose 4*g = -0*h - a*h + 88, 3*g = -15. What is the greatest common divisor of 12 and h?
12
Let i = 8 - 5. Let v be 5/(-20) - 9/12 - -22. What is the greatest common factor of v and i?
3
Let q be (30/25)/((-3)/(-50)). Calculate the highest common factor of 220 and q.
20
Let p = 13 - 9. Let f be 6/p*696/18. Let z = f + -26. What is the greatest common divisor of 48 and z?
16
Let m(k) be the third derivative of k**4/6 + 2*k**3/3 - 5*k**2. Let c be m(9). What is the greatest common factor of c and 10?
10
Suppose 3*i - 5*i = -190. Suppose t = x - 29, 95 = t - 4*t + 5*x. Let o = t - -44. Calculate the greatest common factor of i and o.
19
Suppose 6 = 3*a + o, 0 = -2*o - 3*o - 15. Let p = 5 - a. Suppose 5*g = l + 177, l = -p*g - 0*l + 75. Calculate the greatest common factor of g and 4.
4
Let c be (-2)/(-5)*(-3 + 13). Suppose 0 = -3*t - t - c. Let k = 3 + t. What is the greatest common factor of 3 and k?
1
Suppose 0 = 7*r - 16*r + 171. Let q(k) = 22*k**2 + 4*k - 1. Let h be q(3). What is the greatest common factor of r and h?
19
Suppose -4*f = 4*c + f - 11, -4*c + 21 = 3*f. What is the greatest common divisor of 171 and c?
9
Suppose -3*x + 8 = -7. Suppose 68 = x*c + 18. Let m be c/3 + (-2)/(-3). What is the greatest common factor of m and 36?
4
Let s = 7 + 2. Suppose 2*a = n - s, 5*a = -4*n + 15 + 34. What is the greatest common divisor of 99 and n?
11
Let j be 0 + -11 + (4 - 2). Let y(i) = -i**2 - 9*i - 1. Let w be y(j). Let f be (-2)/(0 + 2)*w. Calculate the highest common factor of 8 and f.
1
Suppose -2*f - 20 = 4*x, 7*x - 2*x = 3*f + 30. Let j be 5*-2*4/f. Let z(i) = -i + 8. Let v be z(7). Calculate the greatest common factor of j and v.
1
Let i(x) = 12*x - 2. Let q be i(6). Let u = q + -15. Let a(s) = 22*s**2 + s + 1. Let b be a(-1). Calculate the greatest common factor of u and b.
11
Let s(v) = 2*v**2 - 2*v - 1. Let z be s(-1). What is the highest common factor of z and 21?
3
Suppose i = -i. Suppose i = c - 2*c + 41. Let l = c - 17. What is the greatest common factor of l and 3?
3
Let k(b) = b**2 + 12*b - 8. Let c be k(-14). Calculate the greatest common factor of c and 5.
5
Suppose 12 = o - 5*o + 4*u, -3*o + 15 = 5*u. Suppose -s - 44 = -5*v - 2*s, 4*v - 2*s - 24 = o. What is the greatest common factor of v and 2?
2
Let q = -55 - -58. Calculate the highest common factor of 15 and q.
3
Let n = 332 - -86. Calculate the greatest common factor of n and 38.
38
Let p(n) = n**3 - 5*n**2 - 5*n + 7. Let i = 8 + -4. Suppose 5*m - 28 + 2 = i*r, -5 = -m + r. Let f be p(m). Calculate the greatest common divisor of f and 91.
13
Let b(f) = -5*f**2 + 2*f - 1. Let z be b(1). Let h = z - -5. Let j = h - -10. What is the highest common divisor of 11 and j?
11
Let g be (4*(-8)/(-96))/(1/12). What is the greatest common factor of g and 18?
2
Let c = 27 + 17. Suppose 78 = 5*s + 23. What is the greatest common factor of s and c?
11
Suppose z = -5*y + 109, 4*z - z - 107 = -5*y. What is the highest common divisor of 33 and y?
11
Let r be 1*(0 + 1 + 1). Suppose r*n - 7*n = -g + 17, 3*g + 3*n = 15. Calculate the greatest common factor of 7 and g.
7
Suppose -5*k + 125 = -675. Let a be (346 - 2)*5/5. Suppose 4*c = a + k. What is the highest common divisor of c and 14?
14
Suppose 0*d + 16 = 4*d. Suppose d*u + 28 + 8 = 0. Let x be 1*-10*u/6. Calculate the greatest common divisor of x and 3.
3
Let p = 146 + -132. Calculate the highest common factor of p and 28.
14
Let q(m) = m**3 + 8*m**2 - 6*m + 2. Let l be q(-7). What is the greatest common factor of l and 31?
31
Let a(c) be the second derivative of -c**3/6 + 5*c**2/2 - 2*c. Let z be a(4). Suppose 3*v = 2*v + 1. Calculate the greatest common divisor of v and z.
1
Suppose -a + 1 = n + 2*a, n + a - 3 = 0. What is the greatest common factor of 4 and n?
4
Let p = 6 - -6. What is the greatest common divisor of 18 and p?
6
Let z = -31 + 53. Calculate the greatest common divisor of 55 and z.
11
Suppose 3*k - 386 = 40. Suppose 2*g = 258 + k. What is the greatest common factor of g and 20?
20
Let h be 19/(27/30 + 6/(-15)). Calculate the greatest common divisor of h and 2.
2
Let i be -3 - (-3 + -1 + -2). Let t(u) = 3*u - 6 - 2*u - u - i*u. Let w be t(-6). Calculate the highest common divisor of 108 and w.
12
Suppose 4*k - 126 + 30 = 0. Suppose 0 = -18*x + 6*x + 36. What is the greatest common factor of x and k?
3
Suppose 57 = n - 21. Let t(r) = 5*r + 2. Let f be t(10). What is the highest common divisor of n and f?
26
Let c be 4/8 - -158*4/16. Calculate the greatest common factor of 5 and c.
5
Let q(v) = v. Let h = 3 - -5. Let w be q(h). What is the highest common factor of 4 and w?
4
Let z = 102 + -58. Calculate the highest common divisor of 220 and z.
44
Let w be 17 - (0 + 0) - 3. What is the highest common divisor of 98 and w?
14
Let b(t) = -136*t**3 + t. Let m(l) = -l**2 - 11*l - 11. Let o be m(-10). Let d be b(o). What is the greatest common factor of 15 and d?
15
Suppose 0*n - 4*n - 3*r = -186, 3*n - 136 = -4*r. Calculate the highest common divisor of n and 12.
12
Let d be ((-9)/(-2))/((-21)/28). Let r be (-24)/d*(-33)/(-2). What is the highest common divisor of r and 6?
6
Suppose 24*z + 315 = 29*z. What is the highest common factor of z and 21?
21
Let y(u) = u**3 - 5*u**2 + u + 7. Let x be y(5). Let z(d) = d**2 + d + 12. Let t be z(0). What is the highest common factor of x and t?
12
Let f be 2/(-5) + 410/25. Calculate the greatest common divisor of 24 and f.
8
Suppose 0 = 5*k + 78 - 258. Suppose 2*l + l + 12 = 0. Let b be (-1 - -25)*(-2)/l. What is the highest common factor of k and b?
12
Let k = -11 - -10. Let l be (k + -2 + 1)*-6. What is the highest common factor of 12 and l?
12
Let f = 1 + 24. Suppose 2*h + 6 = 3*h. Let o = h - 1. What is the greatest common factor of o and f?
5
Suppose -5*t + 4*t = -20. Let k = -13 + 21. Calculate the highest common divisor of t and k.
4
Let p be 2/(-1 + 2) - 0. Suppose -4*k - 4 = -5*k + 3*v, p*k = 3*v + 5. What is the highest common factor of 9 and k?
1
Let x(s) = 9*s - 3. Let w be x(2). Calculate the greatest common divisor of 30 and w.
15
Let s be (-2)/7 - (-88)/14. Calculate the highest common divisor of s and 6.
6
Suppose 3*g = 19 + 11. Let j = -15 + g. Let u be ((-4)/j)/(2/5). What is the highest common divisor of 8 and u?
2
Let b be ((-12)/(-2))/(0 + 10/325). Calculate the highest common divisor of b and 39.
39
Let l(r) = r**3 + 5*r**2 - 3*r - 2. Let v be l(-5). Let o = -6 + v. Calculate the highest common factor of o and 7.
7
Let t = 5 - 3. Suppose -g + 23 = -5*f + g, t*g - 20 = 4*f. Let c be (3/6)/(f/(-24)). What is the greatest common factor of c and 20?
4
Suppose 8 = 3*w + l, 0 = -2*w - 3*w + l. Let s = 0 + 0. Let h be (s - -75)/(0 + w). What is the greatest common factor of 15 and h?
15
Let x be (-554)/(-10) + (-18)/(-30). What is the greatest common factor of x and 7?
7
Let w = 9 + 15. Let t = 34 - w. Calculate the highest common factor of t and 80.
10
Suppose 74 = v + 2*x, 0 = 3*v - 6*v + 5*x + 200. What is the highest common factor of 7 and v?
7
Suppose 0 = 4*x - 69 - 131. Suppose -s = -4*l + 85, 0 = 4*l + 4*s + 19 - 79. Calculate the greatest common factor of x and l.
10
Let i = -62 + 112. Calculate the highest common divisor of 25 and i.
25
Suppose -4*r + 3*r = -8. Let m(t) = t**3 - 8*t**2 + 2*t - 8. Let n be m(r). Let a = -112 + 168. What is the highest common divisor of n and a?
8
Let k(n) = n**3 - 4*n**2 + 6*n - 9. Let a be k(5). What is the greatest common factor of 115 and a?
23
Let h be (18/(-4))/3*-8. Suppose -3*d - 12 - 18 = -c, 4*c - d - 142 = 0. What is the greatest common divis